 prime factors of c.
13, 19
Let b = -54 - -895. Let n = b + -781. List the prime factors of n.
2, 3, 5
Suppose 19 = 5*d + a - 3*a, 5*a + 16 = 2*d. Suppose -d*c = 3*c. Suppose 4*q + 26 = n, c = -n - 2*n - 3*q + 78. List the prime factors of n.
2, 13
Let t(m) = -m + 549. What are the prime factors of t(24)?
3, 5, 7
Suppose 2*j - 9*j = -441. Let x = j - 51. List the prime factors of 414/x - 1/2.
2, 17
Let w(n) = n**3 + 9*n**2 + 3*n + 31. What are the prime factors of w(16)?
11, 19, 31
Suppose -m + 157 + 18 = 0. Let a = 318 - m. List the prime factors of a.
11, 13
Let r(i) = -6*i**3 + 2*i - 73*i**2 + 35*i**2 + 36*i**2 + 4. What are the prime factors of r(-2)?
2, 5
Suppose -351*w + 984932 = -320*w. What are the prime factors of w?
2, 13, 47
Suppose -3*i + 2*i - 4 = 0, 5*j = -i + 26. Let v be -2 + -12*2*(-1)/4. Suppose 5*n + j*s - 86 = 2*s, -5*s = v*n - 76. List the prime factors of n.
2, 7
Let f(m) = 48*m + 47. Let d(g) = 47*g + 49. Let r(k) = 6*d(k) - 5*f(k). List the prime factors of r(5).
269
Suppose -3*l + 5*y = -20, -6 = l + 3*y + 6. Suppose f = -l + 3. Suppose -m + 20 = -f*s, -5*m = -m - 3*s - 89. List the prime factors of m.
23
Let h(d) = d**2 + 6*d - 6. Suppose -3*n = 4*j + 48, 4*j - 2*n + 30 - 2 = 0. What are the prime factors of h(j)?
3, 7
Suppose -4*v - 14 = 2*b, 4*b + 0*v = 3*v + 27. Let r(h) = -140*h + 280*h - 137*h + b. List the prime factors of r(17).
2, 3
Suppose -10 = 2*p, -2*q + q + 75 = 4*p. Let h be ((0/(-4))/(-2 + 4))/2. Suppose -k + q = -h*k. List the prime factors of k.
5, 19
Let z be 1 + ((-23)/(-5) - 12/(-30)). Suppose -521 = z*o - 1775. List the prime factors of o.
11, 19
Suppose 0 = -k + 63 - 20. Suppose 2211 = 3*d - 5*w, 694 = d - w - k. Suppose g + s = 4*g - d, -3*g + 736 = -2*s. What are the prime factors of g?
2, 3, 41
Let h = -3 - -8. Let x(u) = 9*u**2 - 45*u + 3. Let r be x(5). Suppose -79 = -r*i - h*g, -5*i + 3*i + 41 = g. List the prime factors of i.
2, 3
List the prime factors of (-1136)/142 + (-12345)/(-3).
3, 37
Suppose 0 = -18*i + 20*i - 2*c - 9650, 0 = 2*i - 3*c - 9645. List the prime factors of i.
2, 3, 5, 7, 23
Suppose 5*w = -2*g + 4658, 5*w + 2*g = 2*w + 2790. What are the prime factors of w?
2, 467
Let f be (-30)/25 - 130/(-25). List the prime factors of ((-5)/(-3))/(5/720*f).
2, 3, 5
Suppose -234*l + 25553814 = 143*l. List the prime factors of l.
2, 3, 11, 13, 79
Suppose 0 = 613*f - 680*f + 406757. List the prime factors of f.
13, 467
Let w(a) = -3*a**2 - 53*a - 71. Let r be w(-16). Suppose -2*i + 13*x + 1454 = r*x, x - 2899 = -4*i. List the prime factors of i.
5, 29
Let r be (-18)/117 + (-145)/(-13). Let i be (-1*1)/(3 - 40/15). Let x = i + r. List the prime factors of x.
2
Suppose 0 = 242*b - 3163283 - 21496 + 159053. List the prime factors of b.
12503
Suppose 38150 = 5*k - 3*b, 0 = 4*k - 4*b - 11447 - 19065. List the prime factors of k.
17, 449
Suppose 5*t - 5*k - 40 = 0, 2*t + 2*t - 3*k - 30 = 0. Suppose -2992 = n - t*n - 3*c, -n + 597 = 2*c. List the prime factors of n.
599
Let p = 57526 - 30006. What are the prime factors of p?
2, 5, 43
Let g be (8 + -6 - -4) + -7. What are the prime factors of 27 + 302 - 4/g?
3, 37
Suppose -9*z = -3*z. Let j be -1*(z/1)/(3 - 1). Suppose -6*d + 358 + 194 = j. What are the prime factors of d?
2, 23
Suppose -x - 146 = -6*x - 3*g, 0 = -2*x + 4*g + 74. Let j(n) = 25*n + 191. What are the prime factors of j(x)?
2, 3, 7, 23
Let v = 249 - 241. What are the prime factors of (-2285)/(-30)*(14 - v)?
457
Let w = -73718 - -136278. What are the prime factors of w?
2, 5, 17, 23
Suppose 18 = -11*q + 17*q. Suppose 18 = t - q*a, -13*a + 72 = 4*t - 8*a. What are the prime factors of t?
2, 3
Suppose -5*v = 7*v - 17088. Suppose 8*n = 4*n + v. Suppose -n = -4*u + 248. List the prime factors of u.
151
Let z(u) = -16*u + 251. Let i be z(44). List the prime factors of 3 - (i + (0 - 1)).
457
Let l(c) = 26*c**2 - c + 4. Let n be l(4). Suppose 6*y - 2*y - n = 0. List the prime factors of 16/y + 622/13.
2, 3
Let i be (276/230)/((-6)/(-20)). Suppose -i*t - a = -4068, -6*t + 4072 = -2*t + 2*a. What are the prime factors of t?
2, 127
Let l = 317 - 192. Suppose 0 = 3*x + 2*c - l, 3*x + 5*c - 201 = -64. What are the prime factors of x?
3, 13
Let z = 131 + -127. Suppose -f - 5*a + 24 = -z*f, 4*f + 4*a = 0. What are the prime factors of -2 - (-15 - (3 + f))?
13
Let m(w) = 209*w + 1576. What are the prime factors of m(19)?
3, 43
Suppose 0 = y + 10*y - 2827. Let v = y - -272. List the prime factors of v.
23
Let m = 161 + 282. Suppose -2*v = -4*v - 3*w + m, -5 = 5*w. List the prime factors of v.
223
Let n(h) = h**2 - 21*h + 43. Let q be n(19). Let w(d) = d**3 + 2*d**2 + 3*d - 5. Let v be w(q). Let t = -88 + v. What are the prime factors of t?
97
Let w = 105308 - 65629. What are the prime factors of w?
39679
Let t(s) = s**3 + 14*s**2 + 13*s + 14. Let z be t(-13). Let m = 92 - z. Let y = m + -54. What are the prime factors of y?
2, 3
Suppose -4*l + 5*b = -304761, 11*b - 15*b + 28 = 0. What are the prime factors of l?
23, 3313
Let u be ((-518)/4)/(3/6). What are the prime factors of (u/74)/((-2)/196)?
7
Let r(x) = 11*x + 2. Let q be (-22 + 3)*(-3 + (6 - 4)). Suppose -4*s - 3*w = -q, -4*s = -0*s - 3*w - 13. What are the prime factors of r(s)?
2, 23
Let x(a) be the second derivative of -a**3/6 - 29*a**2/2 - 7*a. Let r be x(-19). Let u = 33 - r. What are the prime factors of u?
43
Let p be (-6505)/(-12) - ((-488)/(-96) + -5). Suppose -p = -5*h - 3*i, -5*i - 241 - 309 = -5*h. What are the prime factors of h?
109
Let a(m) = 6*m**2 + 4*m - 16. Let v be a(-8). Suppose -2*h = -3*p + 253, 0*p + 4*p - v = 2*h. Suppose -p + 425 = 3*u. What are the prime factors of u?
2, 3, 19
Suppose 2*c = 5*h - 2*c - 40, 5 = c. Suppose -h*v = 2*v - 2646. Suppose -3*z = -369 - v. List the prime factors of z.
2, 3, 31
Suppose 4*x + 14 + 6 = 0. Let u be 6/(-33) - 310/(-11). Let n = x + u. List the prime factors of n.
23
Let i(v) = 2*v**2 - v - 2. Let a be i(-2). Let n be 50/4 - (0 - -4)/a. Suppose -n*q = -1115 - 685. List the prime factors of q.
2, 3, 5
Suppose -4*r = -3*o, 0 = 5*r + o - 6*o. Suppose -16*k + 18*k - 270 = r. What are the prime factors of k?
3, 5
Let m(b) = 369*b**2 + 10*b + 21. Let z(w) = -369*w**2 - 11*w - 18. Let i(h) = -2*m(h) - 3*z(h). List the prime factors of i(-1).
2, 23
Let m = 81 - 81. Suppose u - 4 + 2 = m. What are the prime factors of (u/3)/((-26)/(-4173))?
107
Let p(d) = -2212*d + 14094. What are the prime factors of p(-25)?
2, 13, 17, 157
Let c(r) = 6*r**2 + 2*r - 4. Let a be c(-11). Suppose 696*u + 1776 = a*u. What are the prime factors of u?
2, 3, 37
What are the prime factors of 1595/(-33)*53640/(-100)?
2, 3, 29, 149
Let k(b) = -b**3 + 51*b**2 - 33*b - 32. What are the prime factors of k(48)?
2, 331
Suppose -36*j + 34390 - 5410 = 0. List the prime factors of j.
5, 7, 23
Suppose -767213 = -27*l - 204059 + 222600. What are the prime factors of l?
2, 14551
List the prime factors of (-156724)/(-14) + 64/256*(-32)/14.
2, 29, 193
List the prime factors of (-11 + 5 + 18750/(-9))/(1/(-15)).
2, 5, 1567
Let n = 53 + -51. Suppose -n*l - 436 = -5*w + 1581, 2045 = 5*w + 5*l. Suppose -5*y + 5*z + w = 0, 4*y + 7 = -z + 316. What are the prime factors of y?
2, 3, 13
Let v = 5 - -33. Let n = v - -363. What are the prime factors of n?
401
Let m = -108 + 135. Let b be (-6)/m - ((-160)/18)/4. Suppose -b*j + 364 = 4*x - 2*x, -4*j - 8 = 0. List the prime factors of x.
2, 23
Suppose -185760 = -27*z - 59*z. What are the prime factors of z?
2, 3, 5
Suppose a + a - 2 = 0, a = -5*o + 2401. Suppose -o = 3*f - 138. Let x = 75 - f. List the prime factors of x.
3, 7
Let w(r) = 33*r**2 - 6*r + 33. Let u = -8 + 14. What are the prime factors of w(u)?
3, 5, 79
Suppose g + 46393 = 2*j - 4*g, -2*j + 46411 = g. What are the prime factors of j?
2, 5801
Let x be (-4100)/(-30) + (-8)/(-6). List the prime factors of x/(-115) - 3441/(-5).
3, 229
Suppose -p = p - 220. Let z(q) = -8*q**2 - 5*q - 11. Let g be z(-3). Let m = p + g. What are the prime factors of m?
2, 3, 7
List the prime factors of (-65052)/(-4) + -5 + -5.
16253
Suppose f = -3*d + 15230, -2*d = -286 + 276. List the prime factors of f.
5, 17, 179
Suppose 4*m = -2*g + 38, 2*m - 25 = g - 4. Let a be -1 + 6 - m/5. What are the prime factors of (-98)/(-6) + 4/6 + a?
2, 5
Let b(a) =